0. Suppose -m = -6*n - 41. Calculate the remainder when 42 is divided by n.
9
Calculate the remainder when (-1)/(-1) + 103 - (-78 - -76) is divided by 36.
34
Suppose -5*y - 8 = -3*f + 3, -5*y = -5*f + 15. Suppose -4*s - f*z + 132 = 2*z, -5*z - 5 = 0. Calculate the remainder when s is divided by 9.
7
Let w(m) = 11*m + 30. What is the remainder when 55 is divided by w(0)?
25
Let y = 50 - 42. Let b = 18 - 2. Suppose 2*j - b = -2*w, -5*j - w + 47 = -j. What is the remainder when j is divided by y?
5
Suppose -69 = -7*l - 20. Suppose -l*t + 263 = -59. Calculate the remainder when t is divided by 10.
6
Suppose -2*k = -h + 31, 2*h - k - 63 - 5 = 0. Suppose -35 - 25 = -4*m + 2*x, 44 = 4*m + 2*x. What is the remainder when h is divided by m?
9
Suppose -12*z - 24 = -20*z. Suppose 0 = -4*t - v - 2*v + 32, -3*t = v - 29. What is the remainder when t is divided by z?
2
Let p(r) = r**2 + 2*r - 8. Let i(k) = -k**3 - 6*k**2 + 8*k + 12. Let v be i(-7). Suppose 5*o = 2*o + 45. What is the remainder when p(v) is divided by o?
12
Suppose -5*o + 259 = 3*t - 34, -4*o - 2*t + 236 = 0. Calculate the remainder when 3170 is divided by o.
59
Let c(y) = -6*y - 37. Let s be c(-8). Let q(h) = -h**2 + 9*h + 31. Calculate the remainder when 80 is divided by q(s).
8
What is the remainder when ((-3507)/(-14))/(9/6) is divided by 10?
7
Suppose 0 = 12*f - 1 - 23. What is the remainder when 2925/30*3/(9/f) is divided by 17?
14
Let b(r) = -r**2 + 10*r + 13. Let w be b(11). What is the remainder when (96/18)/(w/6) is divided by 5?
1
Let n(m) = -m**3 + 5*m**2 + 10*m - 11. What is the remainder when 37 is divided by n(6)?
11
Suppose 0 = l + 4*z - 10, 0*l + 3*l = z + 30. Calculate the remainder when 33 is divided by l.
3
Let a = 43 + -4. Calculate the remainder when 389 is divided by a.
38
Suppose -25*j = -717 - 2208. Calculate the remainder when j is divided by 94.
23
Let v(b) = -b**3 - 9*b**2 + 10*b + 12. Let x be v(-10). Let f(k) = k**3 - 13*k**2 + 15*k + 28. What is the remainder when f(x) is divided by 22?
20
Let h(v) = 16*v**2 + v + 6. Let o be h(-2). Suppose 16 + o = 4*t. Calculate the remainder when 61 is divided by t.
19
What is the remainder when 195 is divided by (20/(-30))/(1/(-18))?
3
Suppose -3*k + 77 = 4*d, 2*k = d - 10 + 65. Calculate the remainder when k is divided by 12.
3
Let o be (-72)/27*9/4. Let i(n) = -n**3 - 7*n**2 - 9*n - 5. Let z be i(o). Let s = 33 + z. What is the remainder when s is divided by 16?
14
Let u be ((-4)/(-6))/(2/15). Suppose 49 = u*i - 31. Suppose f - 10 = 20. What is the remainder when f is divided by i?
14
Suppose -76*j + 42291 = -39*j. Calculate the remainder when j is divided by 44.
43
Suppose 2*a - 5*l = 117, -4*a - 66 = -5*a + 4*l. Let d be (1/3)/(2/12). Suppose -x = d*x - 72. Calculate the remainder when a is divided by x.
22
Suppose -3*i = 3*v - 351, 3*i + 10*v - 9*v = 343. Suppose 0*j - 3*j = -3*h + 69, -j = -3*h + 69. What is the remainder when i is divided by h?
21
Let o(c) be the first derivative of -13*c**2/2 - 5*c - 10. Let j be o(3). Let l = j - -64. What is the remainder when 59 is divided by l?
19
Let q(h) = h**2 + h - 7. Let j be 3*33/9 - 4. What is the remainder when q(j) is divided by 25?
24
Let p be (-5)/(90/12)*(-27)/2. Let u(w) = -w**3 + 8*w**2 + 13*w - 19. Calculate the remainder when 65 is divided by u(p).
14
Let t(p) = -3*p**2 + 70*p - 3. Calculate the remainder when 270 is divided by t(23).
10
Let p(c) be the third derivative of c**5/60 - c**4/12 + c**3/6 + 16*c**2. Suppose 0 = -3*w + 2 + 1. What is the remainder when w is divided by p(0)?
0
Let h be 32/(-2) - (-1 - 1). Let u = 17 + h. Suppose -t + u*a - 2*a + 14 = 0, -2*t + a + 23 = 0. What is the remainder when 17 is divided by t?
8
Suppose -539 = 9*a - 683. Calculate the remainder when 45 is divided by a.
13
Let u = 107 + -76. Let b(q) = -q**3 - 65 + 2*q + 2*q**3 + 6*q**2 + 69 - 2*q**3. Calculate the remainder when u is divided by b(6).
15
Let t(b) = 3*b**2 - 6*b + 20. Let a = -27 - -32. What is the remainder when t(a) is divided by 34?
31
Let j(q) be the second derivative of q**4/4 - q**3/6 - 10*q**2 - 14*q. Calculate the remainder when 94 is divided by j(4).
22
Let n(h) = 15*h + 251. Calculate the remainder when 122 is divided by n(-15).
18
Calculate the remainder when 142 is divided by (-5 - 0)/(-5 - (-396)/81).
7
What is the remainder when 96 is divided by 8/28*(134 - (3 - 2))?
20
Let t be (-10)/(-3) + (-1)/3. Suppose 4*j - 45 = -t*k, 5*j - 37 = -2*k - 0*k. Suppose 0 = k*f - 10*f - 21. What is the remainder when f is divided by 12?
9
Suppose 0 - 6 = 3*s. What is the remainder when 109 is divided by 31 - (-2)/(s/3)?
25
Let h(q) = 4*q**2 + 4*q + 18. Let o be h(-4). Let w = 71 - o. Calculate the remainder when 11 is divided by w.
1
Let k(j) = 2*j**2 + 7*j - 11. Let r be k(-5). Suppose -3*y - 23 = -2*q + 17, 0 = y + r. Calculate the remainder when 45 is divided by q.
3
What is the remainder when 66 is divided by 7/(-42)*-6 - -22?
20
Let p(h) = -h**2 + 19*h - 16. Suppose 87 = 5*x + 3*j, -4*x + 63 = 5*j - 17. What is the remainder when p(x) is divided by 15?
14
Let h(j) = 67*j - 27. Let d be h(9). Let w(i) = i**3 - 5*i**2 - 7*i + 2. What is the remainder when w(7) is divided by 6/10 + d/40 - 2?
12
Suppose 17*d + 326 = 21*d + 2*z, 0 = 5*z + 5. Let m(v) = v**2 - v + 17. What is the remainder when d is divided by m(0)?
14
Let z be -3 - -1 - (2 + -1). Calculate the remainder when 129 is divided by (36 + z)*(-2 + 16/6).
19
What is the remainder when -5 - 3 - 1540/(-4) is divided by 54?
53
Let o(u) = 4*u**2 - u + 6. Let p(l) = -l**2 - l + 1. Let m(j) = o(j) + 3*p(j). Let t = 162 - 154. What is the remainder when m(6) is divided by t?
5
Let s(b) = b**3 - 5*b**2 - 8*b - 10. Suppose -19*y + 392 = 50. Calculate the remainder when s(7) is divided by y.
14
Let b = 392 - 377. Calculate the remainder when 325 is divided by b.
10
Let m = 49 - 39. Let r = 25 + m. Suppose 0 = 3*a - 12, 3*a - 89 = -5*j + 18. Calculate the remainder when r is divided by j.
16
Let n(k) = 7*k - 6. Calculate the remainder when n(34) is divided by 68.
28
Suppose 2*j + 4*w = w - 12, 4*j + 6 = 3*w. What is the remainder when 36 is divided by (j - 6/(-4))/((-2)/20)?
6
Let m = 621 + 4019. Calculate the remainder when 190 is divided by m/144 - (48/(-27) + 2).
30
Suppose 2*w + 4*o = -w - 35, -2*w + 4*o = -10. Let b be (-11 - -42) + (w - -1). What is the remainder when 83 is divided by b/2 - 4/(-8)?
13
Let x = 807 - 760. What is the remainder when x is divided by 16?
15
Suppose 0 = -h - 3*h + 20. Suppose 2*g - 28 = -5*w, -78 = -4*g + 3*w - 2*w. Calculate the remainder when g is divided by h.
4
Suppose -9*n + 1713 - 138 = 0. Calculate the remainder when n is divided by 47.
34
Let x(h) = -h**3 + 17*h**2 - 16*h + 13. Let w(i) = -i**3 - 11*i**2 - 3*i - 17. Let s be w(-11). Calculate the remainder when 75 is divided by x(s).
10
Let v(n) = n**2 + 10*n - 19. What is the remainder when v(6) is divided by 9?
5
Suppose 0 = 6*g - 8*g. Suppose 3*z + z - 8 = g. Suppose 0 = -t - z*t + 63. What is the remainder when t is divided by 8?
5
Suppose 13*u = 11*u + 10. Suppose -u*l = -3*y - 128, 69 = 5*l + y - 75. Calculate the remainder when l is divided by 10.
8
Let x(p) be the second derivative of 13*p**3/6 - 9*p**2/2 - p. Let k be (-1 + 8)/(3/1 - 2). Calculate the remainder when x(k) is divided by 28.
26
Suppose -11*z = -10*z. Suppose 3*n + 5*r + 18 = 0, 6 = -n - r - z. Calculate the remainder when (n/(-18))/((-2)/(-84)) is divided by 5.
4
Let g(s) = s**3 - 54*s**2 - 58*s + 293. Calculate the remainder when g(55) is divided by 118.
10
Let a = 133 - 55. What is the remainder when 231 is divided by a?
75
Let x = 47 + 244. Suppose v + x = 4*v. Let h(i) = 10*i + 3. What is the remainder when v is divided by h(3)?
31
Let v(n) be the third derivative of 4*n**4/3 - 11*n**3/6 + 14*n**2. Let a(w) = -2*w + 4. What is the remainder when v(2) is divided by a(-5)?
11
Calculate the remainder when (-11 - (-276)/16)/((-2)/(-40)) is divided by 72.
53
Let g(d) = 14*d**2 - d + 1. Suppose f - 4 = -3. Calculate the remainder when 81 is divided by g(f).
11
Let l(y) = -y**2 + 13*y - 20. Let x be (-52)/(-8) + 9/6. Calculate the remainder when l(x) is divided by 6.
2
Suppose 4*i - 192 = -c - 15, i - 809 = -5*c. Calculate the remainder when c is divide